6, 14 = -0*a + 3*a + 2*u. Suppose -a*o - 3*x = -175, 2*o + 2*x = 5*o - 282. Calculate the highest common divisor of o and 23.
23
Let f(a) = -a - 2 + 1 + 5 - a**2 + a**3. Let p be f(0). Suppose o = -0*o + p*s - 3, -3*o = s - 56. Calculate the highest common divisor of o and 17.
17
Let z(b) = -6*b + 5 + 2*b + 7 + 3*b. Let i be z(-9). Calculate the highest common divisor of i and 7.
7
Let i(b) = -35*b**2 + 0 - 8 + 10*b + 34*b**2. Let k be i(9). Let d = -15 + 24. Calculate the greatest common factor of d and k.
1
Let p = -29 - -14. Let c be (-1)/5 + (-333)/p. What is the greatest common divisor of 11 and c?
11
Let k(x) be the second derivative of -x**3/3 - 2*x. Let w be k(-4). What is the highest common divisor of w and 8?
8
Let b(o) = -51*o - 3. Let f be b(-6). Let s = f - 203. Suppose -160 = -6*u + 80. What is the greatest common divisor of s and u?
20
Let s(h) = 48*h**2 - 3*h - 1. Let n be s(1). What is the greatest common factor of n and 22?
22
Let q be 2 - 0 - (2 - 11). Suppose -4*a + w = 41, 6*a + 5*w = 2*a - q. Let n be a/3 + 52 + 2. Calculate the greatest common factor of n and 17.
17
Suppose 2*j + 819 = 6*j - 3*d, -814 = -4*j + 2*d. Let z = j - 105. Calculate the highest common factor of z and 12.
12
Let h(y) = 38*y**2 + 4*y + 1. Let n be h(-2). Calculate the greatest common factor of n and 58.
29
Suppose 99 = -6*i + 17*i. Suppose -4*p + p + 4*x + 50 = 0, -4*x + 4 = 0. What is the highest common factor of i and p?
9
Let t = 3 - 3. Suppose 4*o - 16 = -t. Let n = 37 - o. Calculate the greatest common divisor of n and 22.
11
Let t be -3*(-6)/(-9)*-6. What is the greatest common factor of t and 6?
6
Let u(b) = 7*b + 3. Let d(w) = -13*w - 5. Let j(v) = 3*d(v) + 5*u(v). Let c be j(-1). What is the highest common divisor of 16 and c?
4
Suppose 0*p - 65 = -5*p. Suppose 0 = 3*r - 4*r + p. Calculate the greatest common factor of 52 and r.
13
Let x(i) = -i**2 - 7*i - 6. Let b be x(-4). Let d(s) = -s**3 + 5*s**2 + 6*s + 6. Let y be d(b). What is the greatest common divisor of y and 18?
6
Suppose j + 8 = -u + 21, 3*j = -5*u + 57. Suppose 5 = q - 22. Calculate the greatest common divisor of q and u.
9
Suppose 95 - 623 = -3*t. Let a be 3200/t + (-4)/22. What is the highest common divisor of a and 45?
9
Let c(i) = -i**3 + 9*i**2 + 2*i - 6. Let k be c(9). Suppose -h + 2*x = -27 - 15, -5*h - 2*x + 174 = 0. What is the highest common factor of h and k?
12
Let p = 5 - 2. Suppose p = -r + 9. Calculate the greatest common factor of r and 66.
6
Suppose 2*f + 2 = 4*u - u, -3*f - 5*u = 3. Let b = 18 + f. Calculate the highest common factor of 17 and b.
17
Let y(w) = 94*w**3 - 3*w + 2. Let n be y(1). What is the greatest common divisor of 62 and n?
31
Let g be (-17)/(-3) + 8/(-12). Let j be 2/g + (-8)/20. Suppose -2*d + j*d = -44. Calculate the greatest common factor of 55 and d.
11
Let l be (-1046)/(-14) + (-4)/(-14). Suppose -2*g = -3*h - 12 - l, g = 5*h + 40. Calculate the highest common divisor of g and 5.
5
Suppose 2*x + 52 = 5*x + 2*q, 62 = 4*x - q. Calculate the highest common factor of 160 and x.
16
Let t = -8 - -10. Calculate the highest common factor of 10 and t.
2
Suppose -2*x = -6 - 16. Let c = 31 - x. What is the greatest common divisor of 80 and c?
20
Suppose 0*x = x - 51. Let j = -105 - -139. What is the greatest common divisor of j and x?
17
Suppose -6*c - 408 = -5*x - 2*c, 0 = -c - 2. Calculate the highest common divisor of 32 and x.
16
Suppose -3*f + 15 = -w, 0*f = -f - w + 9. Let c = f + -4. Suppose 5*g + 3*z - 79 = 0, -4*z + 3*z + 45 = 3*g. Calculate the greatest common factor of g and c.
2
Let v(j) = j + 18. Let r be 4/8 + 2/(-4). Let q be v(r). Suppose h - q = 30. Calculate the highest common factor of 6 and h.
6
Let n = 1 - -1. Let t be 146 - (2 - (n + -3)). What is the highest common factor of t and 13?
13
Suppose 0 = -3*k + 3*d + 18, 0 = -k + 2*d + 3*d + 22. Suppose k*u - 50 = 142. What is the greatest common divisor of u and 12?
12
Let x = -2 - -2. Suppose z = -x*z + 13. Calculate the greatest common divisor of 104 and z.
13
Suppose k + 5*g - 25 = 4, 0 = -3*k + 4*g - 8. What is the greatest common divisor of 28 and k?
4
Let p be (-3 - -2)/(1/(-10)). Let y be 92 + (-1 - 5 - -4). Calculate the highest common divisor of p and y.
10
Let s = 11 - 6. Suppose -2*q + 51 = s*b, q + 1 = 4. Suppose 3*a + 33 = 5*x, 0 = -4*x + 2*a - 3*a + 23. What is the greatest common divisor of x and b?
3
Let l(q) = q**3 - 4*q**2 + 3. Let r be l(4). Let x(a) = a**3 + 4*a - 1. Let j be x(r). Calculate the greatest common factor of 95 and j.
19
Let r be 36*((-117)/(-4))/3. What is the greatest common divisor of 39 and r?
39
Let o be (5 - (-51)/15)/((-4)/(-10)). Suppose -3*v + a + 31 = 6*a, -5*a - 18 = -4*v. What is the highest common divisor of o and v?
7
Suppose -h = -0*h + 8. Let i = h + 10. Suppose i - 26 = -3*m. Calculate the greatest common divisor of m and 4.
4
Let l be 22/6*6/2. Let q(v) = -65*v**3 - v. Let f be (-3)/(-12) - 10/8. Let u be q(f). Calculate the greatest common factor of u and l.
11
Let w = 11 - 1. Suppose 2*t - 78 = w. Calculate the highest common divisor of t and 22.
22
Let a(f) = f**2 + 2*f + 24. Let p be a(0). Let w(k) = k**2 + 7*k + 3. Let i be w(-7). What is the greatest common factor of i and p?
3
Let b(n) = -3*n + 2. Let j(k) = k - 1. Let x(o) = -b(o) - 2*j(o). Let m be x(1). Suppose -3*s + 10*s - 42 = 0. What is the greatest common divisor of m and s?
1
Let d be ((-1)/(-3))/(7/126). Let p(v) = -3 + 5*v + 6*v**2 - 3*v - v**3 + 2*v. Let g be p(d). What is the greatest common divisor of g and 189?
21
Let p(k) = -1 - 3*k + 0*k + 2. Let q be p(6). Let b = 77 + q. What is the highest common factor of b and 12?
12
Let n = -25 + 37. Suppose 4*z + n - 336 = 0. Calculate the highest common factor of z and 9.
9
Let l be (-2 - 3)/(-1 + 2)*-11. Calculate the highest common divisor of l and 5.
5
Let k(d) = -d**3 - 6*d**2 + 9*d + 8. Let m be k(-8). Let t be 1351/14 + (-2)/4. What is the greatest common factor of m and t?
32
Let a(l) = -3*l**3 + l**2 - 2. Let d be a(-2). Calculate the greatest common divisor of d and 26.
26
Suppose -5*i - 63 = -2*n, -4*n + 2*n + 43 = -i. Let d = n - 1. Let k = 3 + -1. What is the highest common divisor of k and d?
2
Let m = 655 - 306. Suppose 3*v = -v + 3*x + m, 2*v + 5*x = 181. What is the highest common factor of 8 and v?
8
Let z = 8 - 6. Suppose z*u + 0*u = 22. Let n(i) = -4*i**3 - 2*i**2 - 2*i + 3. Let a be n(-3). Calculate the highest common divisor of a and u.
11
Let w(o) = o**3 + 9*o**2 + 2*o - 17. Let i be w(-8). Calculate the greatest common divisor of 248 and i.
31
Let v be -2 + 0 + 0 + 1. Let f = v + 4. Suppose f*r - 14 - 34 = 3*g, 17 = r - 2*g. What is the highest common divisor of r and 75?
15
Suppose -17 = 3*b + 4. Let u be (12/b)/(5/(-35)). Calculate the greatest common divisor of u and 3.
3
Suppose 2*l = -3*y + 23, 1 = y - 4*l + 3*l. Suppose -3*v + 236 = -f, y*v + 4*f - 202 = 163. Calculate the highest common divisor of v and 7.
7
Let l(f) = 7 - 2*f - 3 + 2. Let o be l(-5). What is the highest common divisor of o and 4?
4
Suppose 7*g = 5*g + 42. Calculate the highest common divisor of g and 7.
7
Suppose 5 + 3 = 2*y. Suppose -2*j + 3*r + 26 = -13, -y*r - 8 = j. Calculate the highest common factor of j and 8.
4
Suppose -3*m - 2*j - 2*j + 677 = 0, -m - 3*j = -219. Calculate the highest common factor of 11 and m.
11
Let h = 101 + -61. What is the greatest common factor of 16 and h?
8
Let t = -20 + 36. Calculate the highest common factor of t and 1.
1
Let h be (-162)/4*(14/21)/(-1). What is the highest common divisor of h and 3?
3
Suppose -y - 2*g - 111 = -2*y, -510 = -5*y - 5*g. What is the highest common factor of y and 21?
21
Suppose v + 4*n = 4*v - 111, -v + 2*n = -39. What is the highest common divisor of 22 and v?
11
Let i be 10*2/(4/1). Suppose c = -5*f + 36, -i*c - f = -4 - 56. Calculate the greatest common divisor of 33 and c.
11
Let z = -15 - -13. Let c be (2*(2 + -4))/z. Calculate the highest common divisor of 4 and c.
2
Let w be -3*2*26/12. Let j = w - -22. Let i = j - -4. Calculate the greatest common divisor of i and 117.
13
Let i(q) = -2*q + 10. Let d be i(-15). What is the highest common divisor of d and 16?
8
Suppose 0*u + 30 = 3*u. Calculate the highest common factor of 90 and u.
10
Let